{"id":728,"date":"2017-02-07T10:54:04","date_gmt":"2017-02-07T09:54:04","guid":{"rendered":"http:\/\/wawcoworcm.cluster011.ovh.net\/?page_id=728"},"modified":"2023-07-06T13:57:03","modified_gmt":"2023-07-06T13:57:03","slug":"salle-de-reunion-narbonne","status":"publish","type":"page","link":"https:\/\/new.waw-coworking.com\/index.php\/salle-de-reunion-narbonne\/","title":{"rendered":"Location de salles"},"content":{"rendered":"<p>[et_pb_section fb_built=\u00a0\u00bb1&Prime; fullwidth=\u00a0\u00bbon\u00a0\u00bb _builder_version=\u00a0\u00bb3.22&Prime;][et_pb_fullwidth_image src=\u00a0\u00bbhttps:\/\/new.waw-coworking.com\/wp-content\/uploads\/2023\/07\/waw-coworking-salledereunion-5-1.jpg\u00a0\u00bb _builder_version=\u00a0\u00bb4.6.5&Prime; _module_preset=\u00a0\u00bbdefault\u00a0\u00bb title_text=\u00a0\u00bbWAW Site\u00a0\u00bb hover_enabled=\u00a0\u00bb0&Prime; sticky_enabled=\u00a0\u00bb0&Prime;][\/et_pb_fullwidth_image][\/et_pb_section][et_pb_section fb_built=\u00a0\u00bb1&Prime; _builder_version=\u00a0\u00bb3.22&Prime; custom_padding=\u00a0\u00bb54px|0px|4px|0px\u00a0\u00bb][et_pb_row _builder_version=\u00a0\u00bb3.25&Prime; background_size=\u00a0\u00bbinitial\u00a0\u00bb background_position=\u00a0\u00bbtop_left\u00a0\u00bb background_repeat=\u00a0\u00bbrepeat\u00a0\u00bb custom_padding=\u00a0\u00bb5px|0px|1px|0px\u00a0\u00bb][et_pb_column type=\u00a0\u00bb4_4&Prime; _builder_version=\u00a0\u00bb3.25&Prime; custom_padding=\u00a0\u00bb|||\u00a0\u00bb custom_padding__hover=\u00a0\u00bb|||\u00a0\u00bb][et_pb_blurb _builder_version=\u00a0\u00bb3.19.5&Prime; header_font_size=\u00a0\u00bb36px\u00a0\u00bb header_letter_spacing=\u00a0\u00bb6px\u00a0\u00bb body_font=\u00a0\u00bbLato Light||||\u00a0\u00bb body_font_size=\u00a0\u00bb18&Prime; max_width_last_edited=\u00a0\u00bboff|desktop\u00a0\u00bb]<\/p>\n<h1 style=\"text-align: center;\"><span style=\"font-size: xx-large;\">Location de salle de r\u00e9union \u00e0 Narbonne<\/span><\/h1>\n<h2 style=\"text-align: center;\"><span><\/span><\/h2>\n<h2 style=\"text-align: center;\"><span><\/span><\/h2>\n<h2 style=\"text-align: center;\"><span><\/span><\/h2>\n<h2 style=\"text-align: center;\"><span>un lieu inspirant pour vos r\u00e9unions<\/span><\/h2>\n<p>&nbsp;<\/p>\n<p style=\"text-align: center;\">Id\u00e9alement plac\u00e9 au coeur de la grande r\u00e9gion occitanie et au centre ville<br \/> de Narbonne,\u00a0proche de la gare et \u00e0 500m d&rsquo;un parking gratuit,<br \/> <span style=\"font-size: 18px;\">WAW met \u00e0 votre disposition 4 salles de r\u00e9unions r\u00e9servables \u00e0 l&rsquo;heure ou \u00e0 la journ\u00e9e,<br \/> ainsi que son espace \u00e9v\u00e8nementiel\u00a0<\/span>pour vos r\u00e9unions, Assembl\u00e9es G\u00e9n\u00e9rales, conf\u00e9rences,<br \/> s\u00e9minaires, \u00e9v\u00e8nements professionnels ou priv\u00e9s.<\/p>\n<p style=\"text-align: center;\"><span style=\"font-size: 18px;\">Toutes nos salles de r\u00e9unions sont equip\u00e9es d&rsquo;un vid\u00e9o-projecteur, grand \u00e9cran, paperboard.<br \/> Caf\u00e9, th\u00e9 et petits g\u00e2teaux sont offerts!\u00a0<\/span><span style=\"font-size: 18px;\">Service repas ou collation sur demande.<\/span><\/p>\n<p style=\"text-align: center;\">Nous pouvons organiser des petits d\u00e9jeuners, d\u00e9jeuners, buffets dinatoires&#8230; sur demande mais<br \/> \u00e9galement\u00a0\u00a0vous accompagner pour l&rsquo;organisation de tous vos \u00e9v\u00e9nements (devis sur demande) .<\/p>\n<p>[\/et_pb_blurb][\/et_pb_column][\/et_pb_row][\/et_pb_section][et_pb_section fb_built=\u00a0\u00bb1&Prime; admin_label=\u00a0\u00bbsection\u00a0\u00bb _builder_version=\u00a0\u00bb3.22&Prime; custom_padding=\u00a0\u00bb0px|0px|83px|0px|false|false\u00a0\u00bb][et_pb_row admin_label=\u00a0\u00bbrow\u00a0\u00bb module_class=\u00a0\u00bb et_pb_row_fullwidth\u00a0\u00bb _builder_version=\u00a0\u00bb3.25&Prime; background_size=\u00a0\u00bbinitial\u00a0\u00bb background_position=\u00a0\u00bbtop_left\u00a0\u00bb background_repeat=\u00a0\u00bbrepeat\u00a0\u00bb width=\u00a0\u00bb89%\u00a0\u00bb width_tablet=\u00a0\u00bb80%\u00a0\u00bb width_phone=\u00a0\u00bb\u00a0\u00bb width_last_edited=\u00a0\u00bbon|desktop\u00a0\u00bb max_width=\u00a0\u00bb89%\u00a0\u00bb max_width_tablet=\u00a0\u00bb80%\u00a0\u00bb max_width_phone=\u00a0\u00bb\u00a0\u00bb max_width_last_edited=\u00a0\u00bbon|desktop\u00a0\u00bb custom_padding=\u00a0\u00bb27px|0px|0px|0px\u00a0\u00bb make_fullwidth=\u00a0\u00bbon\u00a0\u00bb][et_pb_column type=\u00a0\u00bb4_4&Prime; _builder_version=\u00a0\u00bb3.25&Prime; background_position=\u00a0\u00bbtop_left\u00a0\u00bb custom_padding=\u00a0\u00bb|||\u00a0\u00bb custom_padding__hover=\u00a0\u00bb|||\u00a0\u00bb][et_pb_text _builder_version=\u00a0\u00bb3.27.4&Prime; text_font=\u00a0\u00bbLato Light||||\u00a0\u00bb header_font=\u00a0\u00bbRoboto Condensed||||\u00a0\u00bb header_letter_spacing=\u00a0\u00bb3px\u00a0\u00bb header_line_height=\u00a0\u00bb1.5em\u00a0\u00bb background_size=\u00a0\u00bbinitial\u00a0\u00bb background_position=\u00a0\u00bbtop_left\u00a0\u00bb background_repeat=\u00a0\u00bbrepeat\u00a0\u00bb]<span style=\"color: #ffffff;\">La petite salle comblera ceux qui souhaitent un espace priv\u00e9 ponctuellement pour un entretien, une conf\u00e9rence call, un coaching, &#8230;<\/span>[\/et_pb_text][\/et_pb_column][\/et_pb_row][et_pb_row column_structure=\u00a0\u00bb1_2,1_2&Prime; admin_label=\u00a0\u00bbrow\u00a0\u00bb _builder_version=\u00a0\u00bb3.25&Prime; background_size=\u00a0\u00bbinitial\u00a0\u00bb background_position=\u00a0\u00bbtop_left\u00a0\u00bb background_repeat=\u00a0\u00bbrepeat\u00a0\u00bb][et_pb_column type=\u00a0\u00bb1_2&Prime; _builder_version=\u00a0\u00bb3.25&Prime; custom_padding=\u00a0\u00bb|||\u00a0\u00bb custom_padding__hover=\u00a0\u00bb|||\u00a0\u00bb][et_pb_image src=\u00a0\u00bbhttps:\/\/www.waw-coworking.com\/wp-content\/uploads\/2017\/02\/waw-coworking-salledereunion-4pers-1.jpg\u00a0\u00bb align_tablet=\u00a0\u00bbcenter\u00a0\u00bb align_phone=\u00a0\u00bb\u00a0\u00bb align_last_edited=\u00a0\u00bbon|desktop\u00a0\u00bb admin_label=\u00a0\u00bbl&rsquo;atelier\u00a0\u00bb _builder_version=\u00a0\u00bb3.23&Prime; animation_style=\u00a0\u00bbfade\u00a0\u00bb animation_duration=\u00a0\u00bb500ms\u00a0\u00bb][\/et_pb_image][\/et_pb_column][et_pb_column type=\u00a0\u00bb1_2&Prime; _builder_version=\u00a0\u00bb3.25&Prime; custom_padding=\u00a0\u00bb|||\u00a0\u00bb custom_padding__hover=\u00a0\u00bb|||\u00a0\u00bb][et_pb_text _builder_version=\u00a0\u00bb3.27.4&Prime; header_font=\u00a0\u00bbRoboto Condensed||||\u00a0\u00bb header_letter_spacing=\u00a0\u00bb3px\u00a0\u00bb background_size=\u00a0\u00bbinitial\u00a0\u00bb background_position=\u00a0\u00bbtop_left\u00a0\u00bb background_repeat=\u00a0\u00bbrepeat\u00a0\u00bb]<\/p>\n<h2><\/h2>\n<h1><\/h1>\n<h1>Le Cocon<\/h1>\n<h1>jusqu&rsquo;\u00e0 5 personnes<\/h1>\n<p><span style=\"font-size: x-large;\"><span style=\"background-color: #ffffff;\">14\u20ac HT \/ heure<br \/><\/span><span style=\"background-color: #ffffff;\">80\u20ac HT la journ\u00e9e<\/span><\/span><\/p>\n<p><span style=\"font-size: large;\">La petite salle comblera ceux qui souhaitent un espace priv\u00e9 ponctuellement pour un entretien, une conf\u00e9rence call, un coaching, &#8230;\u00e0 Narbonne<\/span><\/p>\n<p>[\/et_pb_text][\/et_pb_column][\/et_pb_row][et_pb_row column_structure=\u00a0\u00bb1_2,1_2&Prime; admin_label=\u00a0\u00bbrow\u00a0\u00bb _builder_version=\u00a0\u00bb3.25&Prime; background_size=\u00a0\u00bbinitial\u00a0\u00bb background_position=\u00a0\u00bbtop_left\u00a0\u00bb background_repeat=\u00a0\u00bbrepeat\u00a0\u00bb][et_pb_column type=\u00a0\u00bb1_2&Prime; _builder_version=\u00a0\u00bb3.25&Prime; custom_padding=\u00a0\u00bb|||\u00a0\u00bb custom_padding__hover=\u00a0\u00bb|||\u00a0\u00bb][et_pb_text _builder_version=\u00a0\u00bb3.27.4&Prime; text_font=\u00a0\u00bbLato Light||||\u00a0\u00bb header_font=\u00a0\u00bbRoboto Condensed||||\u00a0\u00bb header_letter_spacing=\u00a0\u00bb3px\u00a0\u00bb header_line_height=\u00a0\u00bb1.5em\u00a0\u00bb background_size=\u00a0\u00bbinitial\u00a0\u00bb background_position=\u00a0\u00bbtop_left\u00a0\u00bb background_repeat=\u00a0\u00bbrepeat\u00a0\u00bb]<\/p>\n<h1><\/h1>\n<h1><\/h1>\n<h1 style=\"text-align: right;\">La classique<br \/>jusqu&rsquo;\u00e0 12 personnes<\/h1>\n<p style=\"text-align: right;\"><span style=\"font-size: x-large;\">25\u20ac HT \/heure<\/span><br \/><span style=\"font-size: x-large;\">150\u20ac HT la journ\u00e9e<\/span><\/p>\n<p style=\"text-align: right;\"><span style=\"font-size: large;\">\u00c0 l&rsquo;heure ou \u00e0 la journ\u00e9e, cette salle de r\u00e9union <br \/>est id\u00e9ale<\/span>\u00a0<span style=\"font-size: large;\">pour les \u00a0pr\u00e9sentations et formations <br \/>que vous souhaitez donner \u00e0 Narbonne.<\/span><br \/> .<\/p>\n<p>[\/et_pb_text][\/et_pb_column][et_pb_column type=\u00a0\u00bb1_2&Prime; _builder_version=\u00a0\u00bb3.25&Prime; custom_padding=\u00a0\u00bb|||\u00a0\u00bb custom_padding__hover=\u00a0\u00bb|||\u00a0\u00bb][et_pb_image src=\u00a0\u00bbhttps:\/\/www.waw-coworking.com\/wp-content\/uploads\/2017\/02\/waw-coworking-salledereunion12p.jpg\u00a0\u00bb align_tablet=\u00a0\u00bbcenter\u00a0\u00bb align_phone=\u00a0\u00bb\u00a0\u00bb align_last_edited=\u00a0\u00bbon|desktop\u00a0\u00bb admin_label=\u00a0\u00bbLa classique\u00a0\u00bb _builder_version=\u00a0\u00bb3.23&Prime; animation_style=\u00a0\u00bbfade\u00a0\u00bb animation_duration=\u00a0\u00bb500ms\u00a0\u00bb][\/et_pb_image][\/et_pb_column][\/et_pb_row][et_pb_row column_structure=\u00a0\u00bb1_2,1_2&Prime; admin_label=\u00a0\u00bbrow\u00a0\u00bb _builder_version=\u00a0\u00bb3.25&Prime; background_size=\u00a0\u00bbinitial\u00a0\u00bb background_position=\u00a0\u00bbtop_left\u00a0\u00bb background_repeat=\u00a0\u00bbrepeat\u00a0\u00bb][et_pb_column type=\u00a0\u00bb1_2&Prime; _builder_version=\u00a0\u00bb3.25&Prime; custom_padding=\u00a0\u00bb|||\u00a0\u00bb custom_padding__hover=\u00a0\u00bb|||\u00a0\u00bb][et_pb_image src=\u00a0\u00bbhttps:\/\/www.waw-coworking.com\/wp-content\/uploads\/2018\/03\/DSC8057.jpg\u00a0\u00bb align_tablet=\u00a0\u00bbcenter\u00a0\u00bb align_phone=\u00a0\u00bb\u00a0\u00bb align_last_edited=\u00a0\u00bbon|desktop\u00a0\u00bb admin_label=\u00a0\u00bbL&rsquo;artistique\u00a0\u00bb _builder_version=\u00a0\u00bb3.23&Prime; animation_style=\u00a0\u00bbfade\u00a0\u00bb animation_duration=\u00a0\u00bb500ms\u00a0\u00bb][\/et_pb_image][\/et_pb_column][et_pb_column type=\u00a0\u00bb1_2&Prime; _builder_version=\u00a0\u00bb3.25&Prime; custom_padding=\u00a0\u00bb|||\u00a0\u00bb custom_padding__hover=\u00a0\u00bb|||\u00a0\u00bb][et_pb_text _builder_version=\u00a0\u00bb3.27.4&Prime; background_size=\u00a0\u00bbinitial\u00a0\u00bb background_position=\u00a0\u00bbtop_left\u00a0\u00bb background_repeat=\u00a0\u00bbrepeat\u00a0\u00bb]<\/p>\n<h2 style=\"text-align: left;\"><\/h2>\n<h1 style=\"text-align: left;\"><span style=\"color: #eb5d2b; font-family: 'Roboto Condensed', Helvetica, Arial, Lucida, sans-serif; font-size: 24px; letter-spacing: 3px; text-transform: uppercase;\"><\/span><\/h1>\n<h1 style=\"text-align: left;\"><span style=\"font-size: 24px;\">La muse<\/span><br \/><span style=\"color: #eb5d2b; font-family: 'Roboto Condensed', Helvetica, Arial, Lucida, sans-serif; font-size: 24px; letter-spacing: 3px; text-transform: uppercase;\"><\/span><\/h1>\n<h1 style=\"text-align: left;\">jusqu&rsquo;\u00e0 25 personnes<\/h1>\n<p style=\"text-align: left;\"><span style=\"font-size: x-large;\">30\u20ac HT \/heure<\/span><br \/><span style=\"font-size: x-large;\">200\u20ac HT la journ\u00e9e<\/span><\/p>\n<p style=\"text-align: left;\"><span style=\"font-size: large;\">Grandes portes coulissantes et grandes tables en teck.<\/span><br \/><span style=\"font-size: large;\"> Id\u00e9ale pour vos s\u00e9minaires, formations, ateliers conf\u00e9rences. <br \/>Vous pouvez aussi profiter du caf\u00e9 coworking juste \u00e0 c\u00f4t\u00e9 <br \/>pour vos pauses<\/span><\/p>\n<p>[\/et_pb_text][\/et_pb_column][\/et_pb_row][\/et_pb_section]<\/p>\n","protected":false},"excerpt":{"rendered":"<p>[et_pb_section fb_built=\u00a0\u00bb1&Prime; fullwidth=\u00a0\u00bbon\u00a0\u00bb _builder_version=\u00a0\u00bb3.22&Prime;][et_pb_fullwidth_image src=\u00a0\u00bbhttps:\/\/new.waw-coworking.com\/wp-content\/uploads\/2023\/07\/waw-coworking-salledereunion-5-1.jpg\u00a0\u00bb _builder_version=\u00a0\u00bb4.6.5&Prime; _module_preset=\u00a0\u00bbdefault\u00a0\u00bb title_text=\u00a0\u00bbWAW Site\u00a0\u00bb hover_enabled=\u00a0\u00bb0&Prime; sticky_enabled=\u00a0\u00bb0&Prime;][\/et_pb_fullwidth_image][\/et_pb_section][et_pb_section fb_built=\u00a0\u00bb1&Prime; _builder_version=\u00a0\u00bb3.22&Prime; custom_padding=\u00a0\u00bb54px|0px|4px|0px\u00a0\u00bb][et_pb_row _builder_version=\u00a0\u00bb3.25&Prime; background_size=\u00a0\u00bbinitial\u00a0\u00bb background_position=\u00a0\u00bbtop_left\u00a0\u00bb background_repeat=\u00a0\u00bbrepeat\u00a0\u00bb custom_padding=\u00a0\u00bb5px|0px|1px|0px\u00a0\u00bb][et_pb_column type=\u00a0\u00bb4_4&Prime; _builder_version=\u00a0\u00bb3.25&Prime; custom_padding=\u00a0\u00bb|||\u00a0\u00bb custom_padding__hover=\u00a0\u00bb|||\u00a0\u00bb][et_pb_blurb _builder_version=\u00a0\u00bb3.19.5&Prime; header_font_size=\u00a0\u00bb36px\u00a0\u00bb header_letter_spacing=\u00a0\u00bb6px\u00a0\u00bb body_font=\u00a0\u00bbLato Light||||\u00a0\u00bb body_font_size=\u00a0\u00bb18&Prime; max_width_last_edited=\u00a0\u00bboff|desktop\u00a0\u00bb] Location de salle de r\u00e9union \u00e0 Narbonne un lieu inspirant pour vos r\u00e9unions &nbsp; Id\u00e9alement plac\u00e9 au coeur de la grande r\u00e9gion occitanie et au [&hellip;]<\/p>\n","protected":false},"author":1,"featured_media":1228,"parent":0,"menu_order":0,"comment_status":"closed","ping_status":"closed","template":"","meta":{"_et_pb_use_builder":"on","_et_pb_old_content":"","_et_gb_content_width":"","footnotes":""},"class_list":["post-728","page","type-page","status-publish","has-post-thumbnail","hentry"],"yoast_head":"<!-- This site is optimized with the Yoast SEO plugin v20.10 - https:\/\/yoast.com\/wordpress\/plugins\/seo\/ -->\n<title>Location et r\u00e9servation de salle de r\u00e9union \u00e0 narbonne<\/title>\n<meta name=\"description\" content=\"Louez vos salles de r\u00e9unions dans un espace artistique et novateur au coeur de Narbonne. Proche de la gare et parking gratuit, wifi HD, traiteur.\" \/>\n<meta name=\"robots\" content=\"index, follow, max-snippet:-1, max-image-preview:large, max-video-preview:-1\" \/>\n<link rel=\"canonical\" href=\"https:\/\/new.waw-coworking.com\/index.php\/salle-de-reunion-narbonne\/\" \/>\n<meta property=\"og:locale\" content=\"fr_FR\" \/>\n<meta property=\"og:type\" content=\"article\" \/>\n<meta property=\"og:title\" content=\"Location et r\u00e9servation de salle de r\u00e9union \u00e0 narbonne\" \/>\n<meta property=\"og:description\" content=\"Louez vos salles de r\u00e9unions dans un espace artistique et novateur au coeur de Narbonne. Proche de la gare et parking gratuit, wifi HD, traiteur.\" \/>\n<meta property=\"og:url\" content=\"https:\/\/new.waw-coworking.com\/index.php\/salle-de-reunion-narbonne\/\" \/>\n<meta property=\"og:site_name\" content=\"WAW\" \/>\n<meta property=\"article:modified_time\" content=\"2023-07-06T13:57:03+00:00\" \/>\n<meta name=\"twitter:card\" content=\"summary_large_image\" \/>\n<meta name=\"twitter:label1\" content=\"Dur\u00e9e de lecture estim\u00e9e\" \/>\n\t<meta name=\"twitter:data1\" content=\"4 minutes\" \/>\n<script type=\"application\/ld+json\" class=\"yoast-schema-graph\">{\"@context\":\"https:\/\/schema.org\",\"@graph\":[{\"@type\":\"WebPage\",\"@id\":\"https:\/\/new.waw-coworking.com\/index.php\/salle-de-reunion-narbonne\/\",\"url\":\"https:\/\/new.waw-coworking.com\/index.php\/salle-de-reunion-narbonne\/\",\"name\":\"Location et r\u00e9servation de salle de r\u00e9union \u00e0 narbonne\",\"isPartOf\":{\"@id\":\"https:\/\/new.waw-coworking.com\/#website\"},\"datePublished\":\"2017-02-07T09:54:04+00:00\",\"dateModified\":\"2023-07-06T13:57:03+00:00\",\"description\":\"Louez vos salles de r\u00e9unions dans un espace artistique et novateur au coeur de Narbonne. Proche de la gare et parking gratuit, wifi HD, traiteur.\",\"breadcrumb\":{\"@id\":\"https:\/\/new.waw-coworking.com\/index.php\/salle-de-reunion-narbonne\/#breadcrumb\"},\"inLanguage\":\"fr-FR\",\"potentialAction\":[{\"@type\":\"ReadAction\",\"target\":[\"https:\/\/new.waw-coworking.com\/index.php\/salle-de-reunion-narbonne\/\"]}]},{\"@type\":\"BreadcrumbList\",\"@id\":\"https:\/\/new.waw-coworking.com\/index.php\/salle-de-reunion-narbonne\/#breadcrumb\",\"itemListElement\":[{\"@type\":\"ListItem\",\"position\":1,\"name\":\"Acceuil\",\"item\":\"https:\/\/new.waw-coworking.com\/\"},{\"@type\":\"ListItem\",\"position\":2,\"name\":\"Location de salles\"}]},{\"@type\":\"WebSite\",\"@id\":\"https:\/\/new.waw-coworking.com\/#website\",\"url\":\"https:\/\/new.waw-coworking.com\/\",\"name\":\"WAW\",\"description\":\"\",\"potentialAction\":[{\"@type\":\"SearchAction\",\"target\":{\"@type\":\"EntryPoint\",\"urlTemplate\":\"https:\/\/new.waw-coworking.com\/?s={search_term_string}\"},\"query-input\":\"required name=search_term_string\"}],\"inLanguage\":\"fr-FR\"}]}<\/script>\n<!-- \/ Yoast SEO plugin. -->","yoast_head_json":{"title":"Location et r\u00e9servation de salle de r\u00e9union \u00e0 narbonne","description":"Louez vos salles de r\u00e9unions dans un espace artistique et novateur au coeur de Narbonne. Proche de la gare et parking gratuit, wifi HD, traiteur.","robots":{"index":"index","follow":"follow","max-snippet":"max-snippet:-1","max-image-preview":"max-image-preview:large","max-video-preview":"max-video-preview:-1"},"canonical":"https:\/\/new.waw-coworking.com\/index.php\/salle-de-reunion-narbonne\/","og_locale":"fr_FR","og_type":"article","og_title":"Location et r\u00e9servation de salle de r\u00e9union \u00e0 narbonne","og_description":"Louez vos salles de r\u00e9unions dans un espace artistique et novateur au coeur de Narbonne. Proche de la gare et parking gratuit, wifi HD, traiteur.","og_url":"https:\/\/new.waw-coworking.com\/index.php\/salle-de-reunion-narbonne\/","og_site_name":"WAW","article_modified_time":"2023-07-06T13:57:03+00:00","twitter_card":"summary_large_image","twitter_misc":{"Dur\u00e9e de lecture estim\u00e9e":"4 minutes"},"schema":{"@context":"https:\/\/schema.org","@graph":[{"@type":"WebPage","@id":"https:\/\/new.waw-coworking.com\/index.php\/salle-de-reunion-narbonne\/","url":"https:\/\/new.waw-coworking.com\/index.php\/salle-de-reunion-narbonne\/","name":"Location et r\u00e9servation de salle de r\u00e9union \u00e0 narbonne","isPartOf":{"@id":"https:\/\/new.waw-coworking.com\/#website"},"datePublished":"2017-02-07T09:54:04+00:00","dateModified":"2023-07-06T13:57:03+00:00","description":"Louez vos salles de r\u00e9unions dans un espace artistique et novateur au coeur de Narbonne. Proche de la gare et parking gratuit, wifi HD, traiteur.","breadcrumb":{"@id":"https:\/\/new.waw-coworking.com\/index.php\/salle-de-reunion-narbonne\/#breadcrumb"},"inLanguage":"fr-FR","potentialAction":[{"@type":"ReadAction","target":["https:\/\/new.waw-coworking.com\/index.php\/salle-de-reunion-narbonne\/"]}]},{"@type":"BreadcrumbList","@id":"https:\/\/new.waw-coworking.com\/index.php\/salle-de-reunion-narbonne\/#breadcrumb","itemListElement":[{"@type":"ListItem","position":1,"name":"Acceuil","item":"https:\/\/new.waw-coworking.com\/"},{"@type":"ListItem","position":2,"name":"Location de salles"}]},{"@type":"WebSite","@id":"https:\/\/new.waw-coworking.com\/#website","url":"https:\/\/new.waw-coworking.com\/","name":"WAW","description":"","potentialAction":[{"@type":"SearchAction","target":{"@type":"EntryPoint","urlTemplate":"https:\/\/new.waw-coworking.com\/?s={search_term_string}"},"query-input":"required name=search_term_string"}],"inLanguage":"fr-FR"}]}},"_links":{"self":[{"href":"https:\/\/new.waw-coworking.com\/index.php\/wp-json\/wp\/v2\/pages\/728","targetHints":{"allow":["GET"]}}],"collection":[{"href":"https:\/\/new.waw-coworking.com\/index.php\/wp-json\/wp\/v2\/pages"}],"about":[{"href":"https:\/\/new.waw-coworking.com\/index.php\/wp-json\/wp\/v2\/types\/page"}],"author":[{"embeddable":true,"href":"https:\/\/new.waw-coworking.com\/index.php\/wp-json\/wp\/v2\/users\/1"}],"replies":[{"embeddable":true,"href":"https:\/\/new.waw-coworking.com\/index.php\/wp-json\/wp\/v2\/comments?post=728"}],"version-history":[{"count":1,"href":"https:\/\/new.waw-coworking.com\/index.php\/wp-json\/wp\/v2\/pages\/728\/revisions"}],"predecessor-version":[{"id":10510,"href":"https:\/\/new.waw-coworking.com\/index.php\/wp-json\/wp\/v2\/pages\/728\/revisions\/10510"}],"wp:featuredmedia":[{"embeddable":true,"href":"https:\/\/new.waw-coworking.com\/index.php\/wp-json\/"}],"wp:attachment":[{"href":"https:\/\/new.waw-coworking.com\/index.php\/wp-json\/wp\/v2\/media?parent=728"}],"curies":[{"name":"wp","href":"https:\/\/api.w.org\/{rel}","templated":true}]}}