{"id":3009,"date":"2019-04-12T14:36:05","date_gmt":"2019-04-12T13:36:05","guid":{"rendered":"http:\/\/www.waw-coworking.com\/?page_id=3009"},"modified":"2019-04-12T14:36:05","modified_gmt":"2019-04-12T13:36:05","slug":"location-salle-soiree-narbonne-2","status":"publish","type":"page","link":"https:\/\/new.waw-coworking.com\/index.php\/evenements-narbonne\/location-salle-soiree-narbonne-2\/","title":{"rendered":"les soir\u00e9es 2"},"content":{"rendered":"<p>[et_pb_section fb_built=\u00a0\u00bb1&Prime; fullwidth=\u00a0\u00bbon\u00a0\u00bb _builder_version=\u00a0\u00bb3.0.47&Prime;][et_pb_fullwidth_image src=\u00a0\u00bbhttps:\/\/www.waw-coworking.com\/wp-content\/uploads\/2019\/01\/waw-coworking-noeldartiste_1.jpg\u00a0\u00bb _builder_version=\u00a0\u00bb3.19.5&Prime; animation_style=\u00a0\u00bbslide\u00a0\u00bb animation_direction=\u00a0\u00bbleft\u00a0\u00bb animation_duration=\u00a0\u00bb500ms\u00a0\u00bb animation_intensity_slide=\u00a0\u00bb10%\u00a0\u00bb][\/et_pb_fullwidth_image][\/et_pb_section][et_pb_section fb_built=\u00a0\u00bb1&Prime; admin_label=\u00a0\u00bbsection\u00a0\u00bb _builder_version=\u00a0\u00bb3.0.47&Prime;][et_pb_row custom_padding=\u00a0\u00bb0px|0px|0|0px|false|false\u00a0\u00bb admin_label=\u00a0\u00bbrow\u00a0\u00bb _builder_version=\u00a0\u00bb3.0.47&Prime; background_size=\u00a0\u00bbinitial\u00a0\u00bb background_position=\u00a0\u00bbtop_left\u00a0\u00bb background_repeat=\u00a0\u00bbrepeat\u00a0\u00bb][et_pb_column type=\u00a0\u00bb1_2&Prime; _builder_version=\u00a0\u00bb3.0.47&Prime; parallax=\u00a0\u00bboff\u00a0\u00bb parallax_method=\u00a0\u00bbon\u00a0\u00bb][et_pb_text _builder_version=\u00a0\u00bb3.19.5&Prime; text_font=\u00a0\u00bb||||||||\u00a0\u00bb text_font_size=\u00a0\u00bb18px\u00a0\u00bb header_font=\u00a0\u00bbRoboto Condensed||||\u00a0\u00bb header_font_size=\u00a0\u00bb20px\u00a0\u00bb header_letter_spacing=\u00a0\u00bb8px\u00a0\u00bb background_size=\u00a0\u00bbinitial\u00a0\u00bb background_position=\u00a0\u00bbtop_left\u00a0\u00bb background_repeat=\u00a0\u00bbrepeat\u00a0\u00bb text_orientation=\u00a0\u00bbcenter\u00a0\u00bb module_alignment=\u00a0\u00bbcenter\u00a0\u00bb custom_margin=\u00a0\u00bb|10px||10px\u00a0\u00bb custom_margin_last_edited=\u00a0\u00bbon|desktop\u00a0\u00bb custom_padding=\u00a0\u00bb|NaNpx||NaNpx\u00a0\u00bb]<\/p>\n<h1 style=\"text-align: center;\"><span style=\"font-size: large;\">Vous souhaiteZ organiser\u00a0<\/span><\/h1>\n<h1 style=\"text-align: center;\"><span style=\"font-size: large;\">une soir\u00e9e\u00a0profeSSION-<\/span><\/h1>\n<h1 style=\"text-align: center;\"><span style=\"font-size: large;\">nelle\u00a0<\/span><span style=\"font-size: large;\">ou priv\u00e9e ?<\/span><\/h1>\n<p>&nbsp;<\/p>\n<p style=\"text-align: left;\"><span style=\"font-size: 18px;\"><\/span><\/p>\n<p>&nbsp;<\/p>\n<p style=\"text-align: left;\"><span style=\"font-size: 18px;\">Vous voulez f\u00eater un d\u00e9part \u00e0 la retraite, la promotion d&rsquo;un coll\u00e8gue, une d\u00e9gustation de vin entre partenaires &#8230;<\/span><span style=\"font-size: 18px;\">ou tout simplement f\u00eater votre anniversaire, WAW est le lieu id\u00e9al !<\/span><\/p>\n<p>&nbsp;<\/p>\n<p style=\"text-align: left;\">Notre espace est \u00e9quip\u00e9 d&rsquo;une cuisine \u00e9quip\u00e9e, d&rsquo;un grand bar et d&rsquo;un espace am\u00e9nag\u00e9 avec des canap\u00e9s, fauteuils, pour rendre vos \u00e9v\u00e8nements plus conviviaux!<\/p>\n<p>&nbsp;<\/p>\n<p style=\"text-align: left;\">Vous pourrez choisir de \u00a0pr\u00e9parer un buffet ou faire intervenir un traiteur de votre choix, &#8230;..<\/p>\n<p>&nbsp;<\/p>\n<p style=\"text-align: left;\">Et si vous le souhaitez nous pouvons nous occuper de tout pour vous.<\/p>\n<p>&nbsp;<\/p>\n<p>&nbsp;<\/p>\n<p>&nbsp;<\/p>\n<p>[\/et_pb_text][et_pb_text _builder_version=\u00a0\u00bb3.19.5&Prime; text_font=\u00a0\u00bbLato Light||||\u00a0\u00bb background_size=\u00a0\u00bbinitial\u00a0\u00bb background_position=\u00a0\u00bbtop_left\u00a0\u00bb background_repeat=\u00a0\u00bbrepeat\u00a0\u00bb]<\/p>\n<p>&nbsp;<\/p>\n<div id=\"accordion-1\" class=\"accordion\" role=\"tablist\" aria-multiselectable=\"true\">\n<h3 id=\"accordion-1-t1\" class=\"accordion-title\" role=\"tab\" aria-controls=\"accordion-1-c1\" aria-selected=\"false\" aria-expanded=\"false\" tabindex=\"0\"><\/h3>\n<\/div>\n<p>[\/et_pb_text][\/et_pb_column][et_pb_column type=\u00a0\u00bb1_2&Prime; _builder_version=\u00a0\u00bb3.0.47&Prime; parallax=\u00a0\u00bboff\u00a0\u00bb parallax_method=\u00a0\u00bbon\u00a0\u00bb][et_pb_text _builder_version=\u00a0\u00bb3.0.74&Prime; header_font=\u00a0\u00bbRoboto Condensed||||\u00a0\u00bb header_letter_spacing=\u00a0\u00bb8px\u00a0\u00bb background_size=\u00a0\u00bbinitial\u00a0\u00bb background_position=\u00a0\u00bbtop_left\u00a0\u00bb background_repeat=\u00a0\u00bbrepeat\u00a0\u00bb text_orientation=\u00a0\u00bbcenter\u00a0\u00bb module_alignment=\u00a0\u00bbcenter\u00a0\u00bb]<\/p>\n<h1><span style=\"font-size: large;\">Vous souhaitez participer<\/span><\/h1>\n<h1><span style=\"font-size: large;\">\u00e0 une\u00a0soir\u00e9e chez WAW <\/span>?<\/h1>\n<h1><\/h1>\n<p>[\/et_pb_text][et_pb_text _builder_version=\u00a0\u00bb3.0.74&Prime; text_font=\u00a0\u00bbLato Light||||\u00a0\u00bb header_font=\u00a0\u00bbRoboto Condensed||||\u00a0\u00bb header_letter_spacing=\u00a0\u00bb10px\u00a0\u00bb background_size=\u00a0\u00bbinitial\u00a0\u00bb background_position=\u00a0\u00bbtop_left\u00a0\u00bb background_repeat=\u00a0\u00bbrepeat\u00a0\u00bb custom_margin=\u00a0\u00bb|10px||10px\u00a0\u00bb custom_margin_last_edited=\u00a0\u00bbon|desktop\u00a0\u00bb custom_padding=\u00a0\u00bb|10px||10px\u00a0\u00bb]<\/p>\n<p><span style=\"font-size: large;\">WAW organise r\u00e9guli\u00e8rement des soir\u00e9es, les \u00a0\u00bb Wine After Work de WAW!\u00a0\u00bb\u00a0<\/span><br \/><span style=\"font-size: large;\">Au cours de ces soir\u00e9es, vous pourrez rencontrer, \u00e9changer, cr\u00e9er de nouveaux \u00a0contacts dans un cadre non professionnel et d\u00e9tendu car c&rsquo;est dans ces moments l\u00e0 que sont sign\u00e9s les meilleurs contrats.<\/span><\/p>\n<p><span style=\"font-size: large;\">Ambiance garantie avec \u00a0des surprises et des DJ ou misiciens.\u00a0<\/span><\/p>\n<p><span style=\"font-size: large;\">Entr\u00e9e gratuite, vous payez uniquement vos consommations. <\/span><br \/><span style=\"font-size: large;\">Comptez entre 3 et \u00a04\u20ac\/le verre de vin\/ entre 16 et 20 \u20ac la bouteille.<\/span><\/p>\n<p><span style=\"font-size: large;\">Consulter notre page facebook :\u00a0<a href=\"https:\/\/www.facebook.com\">https:\/\/www.facebook.com \u00a0,\u00a0<\/a>notre blog ou abonnez vous \u00e0 notre newsletter.<\/span><\/p>\n<p>[\/et_pb_text][et_pb_image src=\u00a0\u00bbhttps:\/\/www.waw-coworking.com\/wp-content\/uploads\/2017\/08\/vignette_vierge.jpg\u00a0\u00bb _builder_version=\u00a0\u00bb3.0.74&Prime; animation_style=\u00a0\u00bbfade\u00a0\u00bb animation_duration=\u00a0\u00bb500ms\u00a0\u00bb][\/et_pb_image][\/et_pb_column][\/et_pb_row][et_pb_row make_fullwidth=\u00a0\u00bbon\u00a0\u00bb custom_padding=\u00a0\u00bb0|140px|0|138px|false|false\u00a0\u00bb _builder_version=\u00a0\u00bb3.19.5&Prime;][et_pb_column type=\u00a0\u00bb4_4&Prime; _builder_version=\u00a0\u00bb3.0.47&Prime; parallax=\u00a0\u00bboff\u00a0\u00bb parallax_method=\u00a0\u00bbon\u00a0\u00bb][et_pb_text _builder_version=\u00a0\u00bb3.0.74&Prime;][\/et_pb_text][et_pb_gallery gallery_ids=\u00a0\u00bb3272,3274,3275,3276&Prime; gallery_captions=\u00a0\u00bb,,,\u00a0\u00bb show_title_and_caption=\u00a0\u00bboff\u00a0\u00bb _builder_version=\u00a0\u00bb3.19.5&Prime;][\/et_pb_gallery][\/et_pb_column][\/et_pb_row][et_pb_row make_fullwidth=\u00a0\u00bbon\u00a0\u00bb custom_padding=\u00a0\u00bb0|60px|0|60px|false|false\u00a0\u00bb _builder_version=\u00a0\u00bb3.19.5&Prime;][et_pb_column type=\u00a0\u00bb4_4&Prime; _builder_version=\u00a0\u00bb3.0.47&Prime; parallax=\u00a0\u00bboff\u00a0\u00bb parallax_method=\u00a0\u00bbon\u00a0\u00bb][et_pb_text _builder_version=\u00a0\u00bb3.0.74&Prime;][\/et_pb_text][et_pb_gallery gallery_ids=\u00a0\u00bb3277,3278,3279,3280&Prime; gallery_captions=\u00a0\u00bb,,,\u00a0\u00bb show_title_and_caption=\u00a0\u00bboff\u00a0\u00bb _builder_version=\u00a0\u00bb3.19.5&Prime;][\/et_pb_gallery][\/et_pb_column][\/et_pb_row][et_pb_row _builder_version=\u00a0\u00bb3.0.67&Prime;][et_pb_column type=\u00a0\u00bb4_4&Prime; _builder_version=\u00a0\u00bb3.0.47&Prime; parallax=\u00a0\u00bboff\u00a0\u00bb parallax_method=\u00a0\u00bbon\u00a0\u00bb][et_pb_button button_url=\u00a0\u00bbhttps:\/\/www.waw-coworking.com\/contact\/\u00a0\u00bb button_text=\u00a0\u00bbContactez-nous\u00a0\u00bb button_alignment=\u00a0\u00bbcenter\u00a0\u00bb _builder_version=\u00a0\u00bb3.16&Prime; button_text_size__hover_enabled=\u00a0\u00bboff\u00a0\u00bb button_one_text_size__hover_enabled=\u00a0\u00bboff\u00a0\u00bb button_two_text_size__hover_enabled=\u00a0\u00bboff\u00a0\u00bb button_text_color__hover_enabled=\u00a0\u00bboff\u00a0\u00bb button_one_text_color__hover_enabled=\u00a0\u00bboff\u00a0\u00bb button_two_text_color__hover_enabled=\u00a0\u00bboff\u00a0\u00bb button_border_width__hover_enabled=\u00a0\u00bboff\u00a0\u00bb button_one_border_width__hover_enabled=\u00a0\u00bboff\u00a0\u00bb button_two_border_width__hover_enabled=\u00a0\u00bboff\u00a0\u00bb button_border_color__hover_enabled=\u00a0\u00bboff\u00a0\u00bb button_one_border_color__hover_enabled=\u00a0\u00bboff\u00a0\u00bb button_two_border_color__hover_enabled=\u00a0\u00bboff\u00a0\u00bb button_border_radius__hover_enabled=\u00a0\u00bboff\u00a0\u00bb button_one_border_radius__hover_enabled=\u00a0\u00bboff\u00a0\u00bb button_two_border_radius__hover_enabled=\u00a0\u00bboff\u00a0\u00bb button_letter_spacing__hover_enabled=\u00a0\u00bboff\u00a0\u00bb button_one_letter_spacing__hover_enabled=\u00a0\u00bboff\u00a0\u00bb button_two_letter_spacing__hover_enabled=\u00a0\u00bboff\u00a0\u00bb button_bg_color__hover_enabled=\u00a0\u00bboff\u00a0\u00bb button_one_bg_color__hover_enabled=\u00a0\u00bboff\u00a0\u00bb button_two_bg_color__hover_enabled=\u00a0\u00bboff\u00a0\u00bb][\/et_pb_button][\/et_pb_column][\/et_pb_row][\/et_pb_section]<\/p>\n","protected":false},"excerpt":{"rendered":"<p>[et_pb_section fb_built=\u00a0\u00bb1&Prime; fullwidth=\u00a0\u00bbon\u00a0\u00bb _builder_version=\u00a0\u00bb3.0.47&Prime;][et_pb_fullwidth_image src=\u00a0\u00bbhttps:\/\/www.waw-coworking.com\/wp-content\/uploads\/2019\/01\/waw-coworking-noeldartiste_1.jpg\u00a0\u00bb _builder_version=\u00a0\u00bb3.19.5&Prime; animation_style=\u00a0\u00bbslide\u00a0\u00bb animation_direction=\u00a0\u00bbleft\u00a0\u00bb animation_duration=\u00a0\u00bb500ms\u00a0\u00bb animation_intensity_slide=\u00a0\u00bb10%\u00a0\u00bb][\/et_pb_fullwidth_image][\/et_pb_section][et_pb_section fb_built=\u00a0\u00bb1&Prime; admin_label=\u00a0\u00bbsection\u00a0\u00bb _builder_version=\u00a0\u00bb3.0.47&Prime;][et_pb_row custom_padding=\u00a0\u00bb0px|0px|0|0px|false|false\u00a0\u00bb admin_label=\u00a0\u00bbrow\u00a0\u00bb _builder_version=\u00a0\u00bb3.0.47&Prime; background_size=\u00a0\u00bbinitial\u00a0\u00bb background_position=\u00a0\u00bbtop_left\u00a0\u00bb background_repeat=\u00a0\u00bbrepeat\u00a0\u00bb][et_pb_column type=\u00a0\u00bb1_2&Prime; _builder_version=\u00a0\u00bb3.0.47&Prime; parallax=\u00a0\u00bboff\u00a0\u00bb parallax_method=\u00a0\u00bbon\u00a0\u00bb][et_pb_text _builder_version=\u00a0\u00bb3.19.5&Prime; text_font=\u00a0\u00bb||||||||\u00a0\u00bb text_font_size=\u00a0\u00bb18px\u00a0\u00bb header_font=\u00a0\u00bbRoboto Condensed||||\u00a0\u00bb header_font_size=\u00a0\u00bb20px\u00a0\u00bb header_letter_spacing=\u00a0\u00bb8px\u00a0\u00bb background_size=\u00a0\u00bbinitial\u00a0\u00bb background_position=\u00a0\u00bbtop_left\u00a0\u00bb background_repeat=\u00a0\u00bbrepeat\u00a0\u00bb text_orientation=\u00a0\u00bbcenter\u00a0\u00bb module_alignment=\u00a0\u00bbcenter\u00a0\u00bb custom_margin=\u00a0\u00bb|10px||10px\u00a0\u00bb custom_margin_last_edited=\u00a0\u00bbon|desktop\u00a0\u00bb custom_padding=\u00a0\u00bb|NaNpx||NaNpx\u00a0\u00bb] Vous souhaiteZ organiser\u00a0 une soir\u00e9e\u00a0profeSSION- nelle\u00a0ou priv\u00e9e ? &nbsp; &nbsp; Vous voulez f\u00eater un d\u00e9part \u00e0 la [&hellip;]<\/p>\n","protected":false},"author":1,"featured_media":1203,"parent":1035,"menu_order":0,"comment_status":"closed","ping_status":"closed","template":"","meta":{"_et_pb_use_builder":"on","_et_pb_old_content":"","_et_gb_content_width":"","footnotes":""},"class_list":["post-3009","page","type-page","status-publish","has-post-thumbnail","hentry"],"yoast_head":"<!-- This site is optimized with the Yoast SEO plugin v20.10 - https:\/\/yoast.com\/wordpress\/plugins\/seo\/ -->\n<title>Privatisation de salle pour l&#039;organisation de vos soir\u00e9es \u00e0 Narbonne<\/title>\n<meta name=\"description\" content=\"Louez notre espace \u00e9v\u00e8nementiel au coeur de Narbonne pour vos \u00e9v\u00e8nements priv\u00e9s ou professionnels: anniversaire, lancement de produit, d\u00e9part \u00e0 la retraite.\" \/>\n<meta name=\"robots\" content=\"index, follow, max-snippet:-1, max-image-preview:large, max-video-preview:-1\" \/>\n<link rel=\"canonical\" href=\"https:\/\/new.waw-coworking.com\/index.php\/evenements-narbonne\/location-salle-soiree-narbonne-2\/\" \/>\n<meta property=\"og:locale\" content=\"fr_FR\" \/>\n<meta property=\"og:type\" content=\"article\" \/>\n<meta property=\"og:title\" content=\"Privatisation de salle pour l&#039;organisation de vos soir\u00e9es \u00e0 Narbonne\" \/>\n<meta property=\"og:description\" content=\"Louez notre espace \u00e9v\u00e8nementiel au coeur de Narbonne pour vos \u00e9v\u00e8nements priv\u00e9s ou professionnels: anniversaire, lancement de produit, d\u00e9part \u00e0 la retraite.\" \/>\n<meta property=\"og:url\" content=\"https:\/\/new.waw-coworking.com\/index.php\/evenements-narbonne\/location-salle-soiree-narbonne-2\/\" \/>\n<meta property=\"og:site_name\" content=\"WAW\" \/>\n<meta name=\"twitter:card\" content=\"summary_large_image\" \/>\n<meta name=\"twitter:label1\" content=\"Dur\u00e9e de lecture estim\u00e9e\" \/>\n\t<meta name=\"twitter:data1\" content=\"4 minutes\" \/>\n<script type=\"application\/ld+json\" class=\"yoast-schema-graph\">{\"@context\":\"https:\/\/schema.org\",\"@graph\":[{\"@type\":\"WebPage\",\"@id\":\"https:\/\/new.waw-coworking.com\/index.php\/evenements-narbonne\/location-salle-soiree-narbonne-2\/\",\"url\":\"https:\/\/new.waw-coworking.com\/index.php\/evenements-narbonne\/location-salle-soiree-narbonne-2\/\",\"name\":\"Privatisation de salle pour l'organisation de vos soir\u00e9es \u00e0 Narbonne\",\"isPartOf\":{\"@id\":\"https:\/\/new.waw-coworking.com\/#website\"},\"datePublished\":\"2019-04-12T13:36:05+00:00\",\"dateModified\":\"2019-04-12T13:36:05+00:00\",\"description\":\"Louez notre espace \u00e9v\u00e8nementiel au coeur de Narbonne pour vos \u00e9v\u00e8nements priv\u00e9s ou professionnels: anniversaire, lancement de produit, d\u00e9part \u00e0 la retraite.\",\"breadcrumb\":{\"@id\":\"https:\/\/new.waw-coworking.com\/index.php\/evenements-narbonne\/location-salle-soiree-narbonne-2\/#breadcrumb\"},\"inLanguage\":\"fr-FR\",\"potentialAction\":[{\"@type\":\"ReadAction\",\"target\":[\"https:\/\/new.waw-coworking.com\/index.php\/evenements-narbonne\/location-salle-soiree-narbonne-2\/\"]}]},{\"@type\":\"BreadcrumbList\",\"@id\":\"https:\/\/new.waw-coworking.com\/index.php\/evenements-narbonne\/location-salle-soiree-narbonne-2\/#breadcrumb\",\"itemListElement\":[{\"@type\":\"ListItem\",\"position\":1,\"name\":\"Acceuil\",\"item\":\"https:\/\/new.waw-coworking.com\/\"},{\"@type\":\"ListItem\",\"position\":2,\"name\":\"ACTIVITES\",\"item\":\"https:\/\/new.waw-coworking.com\/index.php\/evenements-narbonne\/\"},{\"@type\":\"ListItem\",\"position\":3,\"name\":\"les soir\u00e9es 2\"}]},{\"@type\":\"WebSite\",\"@id\":\"https:\/\/new.waw-coworking.com\/#website\",\"url\":\"https:\/\/new.waw-coworking.com\/\",\"name\":\"WAW\",\"description\":\"\",\"potentialAction\":[{\"@type\":\"SearchAction\",\"target\":{\"@type\":\"EntryPoint\",\"urlTemplate\":\"https:\/\/new.waw-coworking.com\/?s={search_term_string}\"},\"query-input\":\"required name=search_term_string\"}],\"inLanguage\":\"fr-FR\"}]}<\/script>\n<!-- \/ Yoast SEO plugin. -->","yoast_head_json":{"title":"Privatisation de salle pour l'organisation de vos soir\u00e9es \u00e0 Narbonne","description":"Louez notre espace \u00e9v\u00e8nementiel au coeur de Narbonne pour vos \u00e9v\u00e8nements priv\u00e9s ou professionnels: anniversaire, lancement de produit, d\u00e9part \u00e0 la retraite.","robots":{"index":"index","follow":"follow","max-snippet":"max-snippet:-1","max-image-preview":"max-image-preview:large","max-video-preview":"max-video-preview:-1"},"canonical":"https:\/\/new.waw-coworking.com\/index.php\/evenements-narbonne\/location-salle-soiree-narbonne-2\/","og_locale":"fr_FR","og_type":"article","og_title":"Privatisation de salle pour l'organisation de vos soir\u00e9es \u00e0 Narbonne","og_description":"Louez notre espace \u00e9v\u00e8nementiel au coeur de Narbonne pour vos \u00e9v\u00e8nements priv\u00e9s ou professionnels: anniversaire, lancement de produit, d\u00e9part \u00e0 la retraite.","og_url":"https:\/\/new.waw-coworking.com\/index.php\/evenements-narbonne\/location-salle-soiree-narbonne-2\/","og_site_name":"WAW","twitter_card":"summary_large_image","twitter_misc":{"Dur\u00e9e de lecture estim\u00e9e":"4 minutes"},"schema":{"@context":"https:\/\/schema.org","@graph":[{"@type":"WebPage","@id":"https:\/\/new.waw-coworking.com\/index.php\/evenements-narbonne\/location-salle-soiree-narbonne-2\/","url":"https:\/\/new.waw-coworking.com\/index.php\/evenements-narbonne\/location-salle-soiree-narbonne-2\/","name":"Privatisation de salle pour l'organisation de vos soir\u00e9es \u00e0 Narbonne","isPartOf":{"@id":"https:\/\/new.waw-coworking.com\/#website"},"datePublished":"2019-04-12T13:36:05+00:00","dateModified":"2019-04-12T13:36:05+00:00","description":"Louez notre espace \u00e9v\u00e8nementiel au coeur de Narbonne pour vos \u00e9v\u00e8nements priv\u00e9s ou professionnels: anniversaire, lancement de produit, d\u00e9part \u00e0 la retraite.","breadcrumb":{"@id":"https:\/\/new.waw-coworking.com\/index.php\/evenements-narbonne\/location-salle-soiree-narbonne-2\/#breadcrumb"},"inLanguage":"fr-FR","potentialAction":[{"@type":"ReadAction","target":["https:\/\/new.waw-coworking.com\/index.php\/evenements-narbonne\/location-salle-soiree-narbonne-2\/"]}]},{"@type":"BreadcrumbList","@id":"https:\/\/new.waw-coworking.com\/index.php\/evenements-narbonne\/location-salle-soiree-narbonne-2\/#breadcrumb","itemListElement":[{"@type":"ListItem","position":1,"name":"Acceuil","item":"https:\/\/new.waw-coworking.com\/"},{"@type":"ListItem","position":2,"name":"ACTIVITES","item":"https:\/\/new.waw-coworking.com\/index.php\/evenements-narbonne\/"},{"@type":"ListItem","position":3,"name":"les soir\u00e9es 2"}]},{"@type":"WebSite","@id":"https:\/\/new.waw-coworking.com\/#website","url":"https:\/\/new.waw-coworking.com\/","name":"WAW","description":"","potentialAction":[{"@type":"SearchAction","target":{"@type":"EntryPoint","urlTemplate":"https:\/\/new.waw-coworking.com\/?s={search_term_string}"},"query-input":"required name=search_term_string"}],"inLanguage":"fr-FR"}]}},"_links":{"self":[{"href":"https:\/\/new.waw-coworking.com\/index.php\/wp-json\/wp\/v2\/pages\/3009","targetHints":{"allow":["GET"]}}],"collection":[{"href":"https:\/\/new.waw-coworking.com\/index.php\/wp-json\/wp\/v2\/pages"}],"about":[{"href":"https:\/\/new.waw-coworking.com\/index.php\/wp-json\/wp\/v2\/types\/page"}],"author":[{"embeddable":true,"href":"https:\/\/new.waw-coworking.com\/index.php\/wp-json\/wp\/v2\/users\/1"}],"replies":[{"embeddable":true,"href":"https:\/\/new.waw-coworking.com\/index.php\/wp-json\/wp\/v2\/comments?post=3009"}],"version-history":[{"count":0,"href":"https:\/\/new.waw-coworking.com\/index.php\/wp-json\/wp\/v2\/pages\/3009\/revisions"}],"up":[{"embeddable":true,"href":"https:\/\/new.waw-coworking.com\/index.php\/wp-json\/wp\/v2\/pages\/1035"}],"wp:featuredmedia":[{"embeddable":true,"href":"https:\/\/new.waw-coworking.com\/index.php\/wp-json\/"}],"wp:attachment":[{"href":"https:\/\/new.waw-coworking.com\/index.php\/wp-json\/wp\/v2\/media?parent=3009"}],"curies":[{"name":"wp","href":"https:\/\/api.w.org\/{rel}","templated":true}]}}