{"id":1777,"date":"2017-09-18T12:09:00","date_gmt":"2017-09-18T11:09:00","guid":{"rendered":"http:\/\/www.waw-coworking.com\/?page_id=1777"},"modified":"2017-09-18T12:09:00","modified_gmt":"2017-09-18T11:09:00","slug":"bien-etre-au-travail","status":"publish","type":"page","link":"https:\/\/new.waw-coworking.com\/index.php\/evenements-narbonne\/bien-etre-au-travail\/","title":{"rendered":"le Bien-Etre"},"content":{"rendered":"\n[et_pb_section fb_built=\u00a0\u00bb1&Prime; fullwidth=\u00a0\u00bbon\u00a0\u00bb _builder_version=\u00a0\u00bb3.0.47&Prime;][et_pb_fullwidth_image src=\u00a0\u00bbhttp:\/\/www.waw-coworking.com\/wp-content\/uploads\/2019\/01\/waw-coworking-bien-\u00eatre-122.jpg\u00a0\u00bb _builder_version=\u00a0\u00bb3.0.72&Prime; animation_style=\u00a0\u00bbslide\u00a0\u00bb animation_direction=\u00a0\u00bbleft\u00a0\u00bb animation_duration=\u00a0\u00bb500ms\u00a0\u00bb animation_intensity_slide=\u00a0\u00bb10%\u00a0\u00bb][\/et_pb_fullwidth_image][\/et_pb_section][et_pb_section fb_built=\u00a0\u00bb1&Prime; admin_label=\u00a0\u00bbsection\u00a0\u00bb _builder_version=\u00a0\u00bb3.0.47&Prime;][et_pb_row admin_label=\u00a0\u00bbrow\u00a0\u00bb _builder_version=\u00a0\u00bb3.0.47&Prime; background_size=\u00a0\u00bbinitial\u00a0\u00bb background_position=\u00a0\u00bbtop_left\u00a0\u00bb background_repeat=\u00a0\u00bbrepeat\u00a0\u00bb custom_padding=\u00a0\u00bb27px|0px|0|0px|false|false\u00a0\u00bb][et_pb_column type=\u00a0\u00bb1_2&Prime; _builder_version=\u00a0\u00bb3.0.47&Prime; parallax=\u00a0\u00bboff\u00a0\u00bb parallax_method=\u00a0\u00bbon\u00a0\u00bb][et_pb_text _builder_version=\u00a0\u00bb3.0.74&Prime; text_font=\u00a0\u00bbLato Light||||\u00a0\u00bb background_size=\u00a0\u00bbinitial\u00a0\u00bb background_position=\u00a0\u00bbtop_left\u00a0\u00bb background_repeat=\u00a0\u00bbrepeat\u00a0\u00bb text_orientation=\u00a0\u00bbcenter\u00a0\u00bb module_alignment=\u00a0\u00bbcenter\u00a0\u00bb custom_margin=\u00a0\u00bb|10px||10px\u00a0\u00bb custom_padding=\u00a0\u00bb|10px||10px\u00a0\u00bb]<h1>Vous cherchez un lieu pouR<\/h1>\n<h1>donner un cours de bien-\u00eatre?<\/h1>[\/et_pb_text][et_pb_text _builder_version=\u00a0\u00bb3.0.74&Prime; header_font=\u00a0\u00bbRoboto Condensed||||\u00a0\u00bb header_letter_spacing=\u00a0\u00bb6px\u00a0\u00bb background_size=\u00a0\u00bbinitial\u00a0\u00bb background_position=\u00a0\u00bbtop_left\u00a0\u00bb background_repeat=\u00a0\u00bbrepeat\u00a0\u00bb custom_margin=\u00a0\u00bb|10px||10px\u00a0\u00bb custom_padding=\u00a0\u00bb|10px||10px\u00a0\u00bb]<p><strong>Cours r\u00e9guliers<\/strong><br \/> Vous \u00eates professeur de yoga, de sophrologie, vous cherchez <br \/>lieu pour donner des cours r\u00e9guli\u00e8rement ?<br \/> Le co\u00fbt de la location pour une heure : 20\u20ac<br \/> Tarif regressif en fonction du nombre d&rsquo;heures de cours<\/p>\n<p><strong>Stages<\/strong><br \/> Organiser des stages le soir ou le week end, ca aussi c&rsquo;est possible.<br \/> Contactez nous pour plus d&rsquo;information.<\/p>[\/et_pb_text][et_pb_image src=\u00a0\u00bbhttp:\/\/www.waw-coworking.com\/wp-content\/uploads\/2017\/08\/vignette_vierge.jpg\u00a0\u00bb _builder_version=\u00a0\u00bb3.0.74&Prime; animation_style=\u00a0\u00bbfade\u00a0\u00bb animation_duration=\u00a0\u00bb500ms\u00a0\u00bb][\/et_pb_image][\/et_pb_column][et_pb_column type=\u00a0\u00bb1_2&Prime; _builder_version=\u00a0\u00bb3.0.47&Prime; parallax=\u00a0\u00bboff\u00a0\u00bb parallax_method=\u00a0\u00bbon\u00a0\u00bb][et_pb_text _builder_version=\u00a0\u00bb3.0.74&Prime; background_size=\u00a0\u00bbinitial\u00a0\u00bb background_position=\u00a0\u00bbtop_left\u00a0\u00bb background_repeat=\u00a0\u00bbrepeat\u00a0\u00bb text_orientation=\u00a0\u00bbcenter\u00a0\u00bb module_alignment=\u00a0\u00bbcenter\u00a0\u00bb]<h1>Vous souhaitez participer<\/h1>\n<h1>\u00e0 un cours de bien-\u00eatre?<\/h1>[\/et_pb_text][et_pb_text _builder_version=\u00a0\u00bb3.0.74&Prime; text_font=\u00a0\u00bbLato Light||||\u00a0\u00bb background_size=\u00a0\u00bbinitial\u00a0\u00bb background_position=\u00a0\u00bbtop_left\u00a0\u00bb background_repeat=\u00a0\u00bbrepeat\u00a0\u00bb custom_margin=\u00a0\u00bb|10px||10px\u00a0\u00bb custom_padding=\u00a0\u00bb|10px||10px\u00a0\u00bb]<p><strong style=\"font-size: 16px;\">Hatha Flow Yoga\u00a0avec Alexandra Romero<br \/><\/strong><span>Dur\u00e9e 1h15 &#8211; Tarif 12\u20ac<\/span><br \/><span>Places limit\u00e9es &#8211; R\u00e9servation au\u00a007 85 18 08 28 ou par mail :\u00a0<\/span><a href=\"mailto:mahabhutayoga@gmail.com\">mahabhutayoga@gmail.com<\/a><span>\u00a0<\/span><br \/><span style=\"font-size: medium;\">Lundi 18H45 &#8211; 20H00 \u00a0\/\u00a0Mardi 19H00 &#8211; 20h15 \u00a0<\/span><\/p>\n<p>\u00a0<strong style=\"font-size: medium;\">\u00ab\u00a0Prendre soin de soi\u00a0\u00bb \u00a0 Massages \u00a0avec V\u00e9ronique Macaire\u00a0<br \/><\/strong><span style=\"font-size: medium;\">A partir d&rsquo;Avril, tous les vendredi de 14h \u00e0 18h <strong>\u00a0<\/strong><br \/><span>Sur r\u00e9servation au 06.61.66.76.61 ou par mail\u00a0:\u00a0<\/span><a href=\"mailto:vmacaire@hotmail.com\" target=\"_blank\" rel=\"noopener noreferrer\">vmacaire@hotmail.com<br \/><\/a><\/span><span style=\"font-size: medium;\"><span>Tarifs\u00a0:\u00a030 minutes\u00a0: 30\u20ac \/\u00a045 minutes\u00a0: 40\u20ac<\/span><\/span><\/p>[\/et_pb_text][et_pb_image src=\u00a0\u00bbhttp:\/\/www.waw-coworking.com\/wp-content\/uploads\/2017\/08\/vignette_vierge.jpg\u00a0\u00bb _builder_version=\u00a0\u00bb3.0.74&Prime; animation_style=\u00a0\u00bbfade\u00a0\u00bb animation_duration=\u00a0\u00bb500ms\u00a0\u00bb][\/et_pb_image][\/et_pb_column][\/et_pb_row][et_pb_row _builder_version=\u00a0\u00bb3.19.5&Prime; custom_padding=\u00a0\u00bb0|140px|27px|139px|false|false\u00a0\u00bb][et_pb_column type=\u00a0\u00bb1_2&Prime; _builder_version=\u00a0\u00bb3.19.5&Prime; parallax=\u00a0\u00bboff\u00a0\u00bb parallax_method=\u00a0\u00bbon\u00a0\u00bb][et_pb_blurb image=\u00a0\u00bbhttp:\/\/www.waw-coworking.com\/wp-content\/uploads\/2019\/04\/waw-coworking-yoga-narbonne.jpeg_4.jpg\u00a0\u00bb _builder_version=\u00a0\u00bb3.19.5&Prime; background_color=\u00a0\u00bb#efefef\u00a0\u00bb custom_margin=\u00a0\u00bb10px||10px\u00a0\u00bb custom_padding=\u00a0\u00bb10px||10px\u00a0\u00bb]<h1><strong style=\"font-size: 16px;\">Hatha Flow Yoga<\/strong><\/h1>\n<p><strong style=\"font-size: 16px;\"><a href=\"http:\/\/www.waw-coworking.com\/wp-content\/uploads\/2019\/04\/waw-coworking-yoga-narbonne.jpeg_4.jpg\"><\/a>Alexandra Romera<br \/> <\/strong><span style=\"font-size: 16px;\">Retrouvez Alexandra et\u00a0profitez d&rsquo;une classe dynamique de Vinyasa Flow Yoga. Vous d\u00e9couvrirez une pratique cr\u00e9ative, stimulante et apaisante adapt\u00e9e \u00e0 tous les niveaux&#8230;parfait pour ceux qui cherchent \u00e0 rester actif et athl\u00e9tique.<br \/> <\/span><span style=\"font-size: 16px;\">Objectif : appliquer toutes les techniques apprises dans la vie quotidienne pour \u00eatre un outil afin de combattre l&rsquo;anxi\u00e9t\u00e9, le stress et les probl\u00e8mes caus\u00e9s par un monde fr\u00e9n\u00e9tique et comp\u00e9titif.<\/span><\/p>\n<p><span style=\"font-size: 16px;\"><\/span><\/p>\n<p><span style=\"font-size: 16px;\"><\/span><\/p>\n<p><span style=\"font-size: 16px;\"><\/span><\/p>[\/et_pb_blurb][\/et_pb_column][et_pb_column type=\u00a0\u00bb1_2&Prime; _builder_version=\u00a0\u00bb3.19.5&Prime; parallax=\u00a0\u00bboff\u00a0\u00bb parallax_method=\u00a0\u00bbon\u00a0\u00bb][et_pb_image src=\u00a0\u00bbhttp:\/\/www.waw-coworking.com\/wp-content\/uploads\/2019\/04\/waw-coworking-yoga-narbonne.jpeg_5.jpg\u00a0\u00bb _builder_version=\u00a0\u00bb3.19.5&Prime;][\/et_pb_image][\/et_pb_column][\/et_pb_row][et_pb_row background_color=\u00a0\u00bb#b5b5b5&Prime; _builder_version=\u00a0\u00bb3.19.5&Prime; custom_padding=\u00a0\u00bb|10px||10px|false|false\u00a0\u00bb][et_pb_column type=\u00a0\u00bb1_2&Prime; _builder_version=\u00a0\u00bb3.19.5&Prime; parallax=\u00a0\u00bboff\u00a0\u00bb parallax_method=\u00a0\u00bbon\u00a0\u00bb][et_pb_image src=\u00a0\u00bbhttp:\/\/www.waw-coworking.com\/wp-content\/uploads\/2019\/04\/Visuel-agenda.png\u00a0\u00bb _builder_version=\u00a0\u00bb3.19.5&Prime; custom_margin=\u00a0\u00bb|10px||10px\u00a0\u00bb][\/et_pb_image][et_pb_text _builder_version=\u00a0\u00bb3.19.5&Prime; background_color=\u00a0\u00bb#ffffff\u00a0\u00bb custom_margin=\u00a0\u00bb|10px||10px\u00a0\u00bb custom_padding=\u00a0\u00bb|10px||10px\u00a0\u00bb]<p>&nbsp;<\/p>\n<h1><span style=\"color: #eb5d2b; font-family: 'Roboto Condensed', Helvetica, Arial, Lucida, sans-serif; font-size: 24px; letter-spacing: 3px; text-transform: uppercase;\">Massages<\/span><\/h1>\n<p><strong>V\u00e9ronique Macaire<br \/> <\/strong><span><\/span><span>Parce que prendre le temps de s&rsquo;occuper de soi n&rsquo;est plus un luxe,\u00a0 accordez-vous un pr\u00e9cieux moment autour d\u2019un massage.<\/span><br \/> <span>Besoin de l\u00e2cher-prise, de r\u00e9duire les tensions, d\u2019\u00e9vacuer le stress pour retrouver l&rsquo;\u00e9nergie, apporter s\u00e9r\u00e9nit\u00e9 et bien-\u00eatre au corps &amp; \u00e0 l&rsquo;esprit, laissez-vous tentez parmi les soins propos\u00e9s\u00a0: massages de la t\u00eate, du dos, des mains et des pieds.<\/span><\/p>\n<p><span><\/span><\/p>\n<p><span><\/span><\/p>\n[\/et_pb_text][\/et_pb_column][et_pb_column type=\u00a0\u00bb1_2&Prime; _builder_version=\u00a0\u00bb3.19.5&Prime; parallax=\u00a0\u00bboff\u00a0\u00bb parallax_method=\u00a0\u00bbon\u00a0\u00bb][et_pb_image src=\u00a0\u00bbhttp:\/\/www.waw-coworking.com\/wp-content\/uploads\/2019\/04\/Affiche-massage-.pdf\u00a0\u00bb _builder_version=\u00a0\u00bb3.19.5&Prime;][\/et_pb_image][\/et_pb_column][\/et_pb_row][et_pb_row _builder_version=\u00a0\u00bb3.0.67&Prime;][et_pb_column type=\u00a0\u00bb4_4&Prime; _builder_version=\u00a0\u00bb3.0.47&Prime; parallax=\u00a0\u00bboff\u00a0\u00bb parallax_method=\u00a0\u00bbon\u00a0\u00bb][et_pb_button button_url=\u00a0\u00bbhttp:\/\/www.waw-coworking.com\/contact\/\u00a0\u00bb button_text=\u00a0\u00bbContactez-nous\u00a0\u00bb button_alignment=\u00a0\u00bbcenter\u00a0\u00bb _builder_version=\u00a0\u00bb3.16&Prime; button_text_size__hover_enabled=\u00a0\u00bboff\u00a0\u00bb button_one_text_size__hover_enabled=\u00a0\u00bboff\u00a0\u00bb button_two_text_size__hover_enabled=\u00a0\u00bboff\u00a0\u00bb button_text_color__hover_enabled=\u00a0\u00bboff\u00a0\u00bb button_one_text_color__hover_enabled=\u00a0\u00bboff\u00a0\u00bb button_two_text_color__hover_enabled=\u00a0\u00bboff\u00a0\u00bb button_border_width__hover_enabled=\u00a0\u00bboff\u00a0\u00bb button_one_border_width__hover_enabled=\u00a0\u00bboff\u00a0\u00bb button_two_border_width__hover_enabled=\u00a0\u00bboff\u00a0\u00bb button_border_color__hover_enabled=\u00a0\u00bboff\u00a0\u00bb button_one_border_color__hover_enabled=\u00a0\u00bboff\u00a0\u00bb button_two_border_color__hover_enabled=\u00a0\u00bboff\u00a0\u00bb button_border_radius__hover_enabled=\u00a0\u00bboff\u00a0\u00bb button_one_border_radius__hover_enabled=\u00a0\u00bboff\u00a0\u00bb button_two_border_radius__hover_enabled=\u00a0\u00bboff\u00a0\u00bb button_letter_spacing__hover_enabled=\u00a0\u00bboff\u00a0\u00bb button_one_letter_spacing__hover_enabled=\u00a0\u00bboff\u00a0\u00bb button_two_letter_spacing__hover_enabled=\u00a0\u00bboff\u00a0\u00bb button_bg_color__hover_enabled=\u00a0\u00bboff\u00a0\u00bb button_one_bg_color__hover_enabled=\u00a0\u00bboff\u00a0\u00bb button_two_bg_color__hover_enabled=\u00a0\u00bboff\u00a0\u00bb][\/et_pb_button][\/et_pb_column][\/et_pb_row][\/et_pb_section]\n","protected":false},"excerpt":{"rendered":"","protected":false},"author":1,"featured_media":2145,"parent":1035,"menu_order":0,"comment_status":"closed","ping_status":"closed","template":"","meta":{"_et_pb_use_builder":"on","_et_pb_old_content":"","_et_gb_content_width":"","footnotes":""},"class_list":["post-1777","page","type-page","status-publish","has-post-thumbnail","hentry"],"yoast_head":"<!-- This site is optimized with the Yoast SEO plugin v20.10 - https:\/\/yoast.com\/wordpress\/plugins\/seo\/ -->\n<title>Bien-\u00eatre au travail: yoga, relaxation, sophrologie et massages chez WAW<\/title>\n<meta name=\"description\" content=\"Profitez de nos activit\u00e9s sant\u00e9 et bien-\u00eatre directement sur votre lieu de travail et participez \u00e0 nos ateliers et cours hebdomadaires\" \/>\n<meta name=\"robots\" content=\"index, follow, max-snippet:-1, max-image-preview:large, max-video-preview:-1\" \/>\n<link rel=\"canonical\" href=\"https:\/\/new.waw-coworking.com\/index.php\/evenements-narbonne\/bien-etre-au-travail\/\" \/>\n<meta property=\"og:locale\" content=\"fr_FR\" \/>\n<meta property=\"og:type\" content=\"article\" \/>\n<meta property=\"og:title\" content=\"Bien-\u00eatre au travail: yoga, relaxation, sophrologie et massages chez WAW\" \/>\n<meta property=\"og:description\" content=\"Profitez de nos activit\u00e9s sant\u00e9 et bien-\u00eatre directement sur votre lieu de travail et participez \u00e0 nos ateliers et cours hebdomadaires\" \/>\n<meta property=\"og:url\" content=\"https:\/\/new.waw-coworking.com\/index.php\/evenements-narbonne\/bien-etre-au-travail\/\" \/>\n<meta property=\"og:site_name\" content=\"WAW\" \/>\n<meta name=\"twitter:card\" content=\"summary_large_image\" \/>\n<meta name=\"twitter:label1\" content=\"Dur\u00e9e de lecture estim\u00e9e\" \/>\n\t<meta name=\"twitter:data1\" content=\"5 minutes\" \/>\n<script type=\"application\/ld+json\" class=\"yoast-schema-graph\">{\"@context\":\"https:\/\/schema.org\",\"@graph\":[{\"@type\":\"WebPage\",\"@id\":\"https:\/\/new.waw-coworking.com\/index.php\/evenements-narbonne\/bien-etre-au-travail\/\",\"url\":\"https:\/\/new.waw-coworking.com\/index.php\/evenements-narbonne\/bien-etre-au-travail\/\",\"name\":\"Bien-\u00eatre au travail: yoga, relaxation, sophrologie et massages chez WAW\",\"isPartOf\":{\"@id\":\"https:\/\/new.waw-coworking.com\/#website\"},\"datePublished\":\"2017-09-18T11:09:00+00:00\",\"dateModified\":\"2017-09-18T11:09:00+00:00\",\"description\":\"Profitez de nos activit\u00e9s sant\u00e9 et bien-\u00eatre directement sur votre lieu de travail et participez \u00e0 nos ateliers et cours hebdomadaires\",\"breadcrumb\":{\"@id\":\"https:\/\/new.waw-coworking.com\/index.php\/evenements-narbonne\/bien-etre-au-travail\/#breadcrumb\"},\"inLanguage\":\"fr-FR\",\"potentialAction\":[{\"@type\":\"ReadAction\",\"target\":[\"https:\/\/new.waw-coworking.com\/index.php\/evenements-narbonne\/bien-etre-au-travail\/\"]}]},{\"@type\":\"BreadcrumbList\",\"@id\":\"https:\/\/new.waw-coworking.com\/index.php\/evenements-narbonne\/bien-etre-au-travail\/#breadcrumb\",\"itemListElement\":[{\"@type\":\"ListItem\",\"position\":1,\"name\":\"Acceuil\",\"item\":\"https:\/\/new.waw-coworking.com\/\"},{\"@type\":\"ListItem\",\"position\":2,\"name\":\"ACTIVITES\",\"item\":\"https:\/\/new.waw-coworking.com\/index.php\/evenements-narbonne\/\"},{\"@type\":\"ListItem\",\"position\":3,\"name\":\"le Bien-Etre\"}]},{\"@type\":\"WebSite\",\"@id\":\"https:\/\/new.waw-coworking.com\/#website\",\"url\":\"https:\/\/new.waw-coworking.com\/\",\"name\":\"WAW\",\"description\":\"\",\"potentialAction\":[{\"@type\":\"SearchAction\",\"target\":{\"@type\":\"EntryPoint\",\"urlTemplate\":\"https:\/\/new.waw-coworking.com\/?s={search_term_string}\"},\"query-input\":\"required name=search_term_string\"}],\"inLanguage\":\"fr-FR\"}]}<\/script>\n<!-- \/ Yoast SEO plugin. -->","yoast_head_json":{"title":"Bien-\u00eatre au travail: yoga, relaxation, sophrologie et massages chez WAW","description":"Profitez de nos activit\u00e9s sant\u00e9 et bien-\u00eatre directement sur votre lieu de travail et participez \u00e0 nos ateliers et cours hebdomadaires","robots":{"index":"index","follow":"follow","max-snippet":"max-snippet:-1","max-image-preview":"max-image-preview:large","max-video-preview":"max-video-preview:-1"},"canonical":"https:\/\/new.waw-coworking.com\/index.php\/evenements-narbonne\/bien-etre-au-travail\/","og_locale":"fr_FR","og_type":"article","og_title":"Bien-\u00eatre au travail: yoga, relaxation, sophrologie et massages chez WAW","og_description":"Profitez de nos activit\u00e9s sant\u00e9 et bien-\u00eatre directement sur votre lieu de travail et participez \u00e0 nos ateliers et cours hebdomadaires","og_url":"https:\/\/new.waw-coworking.com\/index.php\/evenements-narbonne\/bien-etre-au-travail\/","og_site_name":"WAW","twitter_card":"summary_large_image","twitter_misc":{"Dur\u00e9e de lecture estim\u00e9e":"5 minutes"},"schema":{"@context":"https:\/\/schema.org","@graph":[{"@type":"WebPage","@id":"https:\/\/new.waw-coworking.com\/index.php\/evenements-narbonne\/bien-etre-au-travail\/","url":"https:\/\/new.waw-coworking.com\/index.php\/evenements-narbonne\/bien-etre-au-travail\/","name":"Bien-\u00eatre au travail: yoga, relaxation, sophrologie et massages chez WAW","isPartOf":{"@id":"https:\/\/new.waw-coworking.com\/#website"},"datePublished":"2017-09-18T11:09:00+00:00","dateModified":"2017-09-18T11:09:00+00:00","description":"Profitez de nos activit\u00e9s sant\u00e9 et bien-\u00eatre directement sur votre lieu de travail et participez \u00e0 nos ateliers et cours hebdomadaires","breadcrumb":{"@id":"https:\/\/new.waw-coworking.com\/index.php\/evenements-narbonne\/bien-etre-au-travail\/#breadcrumb"},"inLanguage":"fr-FR","potentialAction":[{"@type":"ReadAction","target":["https:\/\/new.waw-coworking.com\/index.php\/evenements-narbonne\/bien-etre-au-travail\/"]}]},{"@type":"BreadcrumbList","@id":"https:\/\/new.waw-coworking.com\/index.php\/evenements-narbonne\/bien-etre-au-travail\/#breadcrumb","itemListElement":[{"@type":"ListItem","position":1,"name":"Acceuil","item":"https:\/\/new.waw-coworking.com\/"},{"@type":"ListItem","position":2,"name":"ACTIVITES","item":"https:\/\/new.waw-coworking.com\/index.php\/evenements-narbonne\/"},{"@type":"ListItem","position":3,"name":"le Bien-Etre"}]},{"@type":"WebSite","@id":"https:\/\/new.waw-coworking.com\/#website","url":"https:\/\/new.waw-coworking.com\/","name":"WAW","description":"","potentialAction":[{"@type":"SearchAction","target":{"@type":"EntryPoint","urlTemplate":"https:\/\/new.waw-coworking.com\/?s={search_term_string}"},"query-input":"required name=search_term_string"}],"inLanguage":"fr-FR"}]}},"_links":{"self":[{"href":"https:\/\/new.waw-coworking.com\/index.php\/wp-json\/wp\/v2\/pages\/1777","targetHints":{"allow":["GET"]}}],"collection":[{"href":"https:\/\/new.waw-coworking.com\/index.php\/wp-json\/wp\/v2\/pages"}],"about":[{"href":"https:\/\/new.waw-coworking.com\/index.php\/wp-json\/wp\/v2\/types\/page"}],"author":[{"embeddable":true,"href":"https:\/\/new.waw-coworking.com\/index.php\/wp-json\/wp\/v2\/users\/1"}],"replies":[{"embeddable":true,"href":"https:\/\/new.waw-coworking.com\/index.php\/wp-json\/wp\/v2\/comments?post=1777"}],"version-history":[{"count":0,"href":"https:\/\/new.waw-coworking.com\/index.php\/wp-json\/wp\/v2\/pages\/1777\/revisions"}],"up":[{"embeddable":true,"href":"https:\/\/new.waw-coworking.com\/index.php\/wp-json\/wp\/v2\/pages\/1035"}],"wp:featuredmedia":[{"embeddable":true,"href":"https:\/\/new.waw-coworking.com\/index.php\/wp-json\/"}],"wp:attachment":[{"href":"https:\/\/new.waw-coworking.com\/index.php\/wp-json\/wp\/v2\/media?parent=1777"}],"curies":[{"name":"wp","href":"https:\/\/api.w.org\/{rel}","templated":true}]}}